{"id":2772,"date":"2026-04-22T15:10:10","date_gmt":"2026-04-22T13:10:10","guid":{"rendered":"https:\/\/sm.nowaruda.pl\/sm1\/?page_id=2772"},"modified":"2026-04-22T15:10:10","modified_gmt":"2026-04-22T13:10:10","slug":"przetarg-na-lokal-uzytkowy","status":"publish","type":"page","link":"https:\/\/sm.nowaruda.pl\/sm1\/?page_id=2772","title":{"rendered":"Przetarg na lokal u\u017cytkowy"},"content":{"rendered":"\n<p><strong>Sp\u00f3<\/strong><strong>\u0142<\/strong><strong>dzielnia Mieszkaniowa w Nowej Rudzie<\/strong> z siedzib\u0105 w Nowej Rudzie przy ul. Teatralnej 11 og\u0142asza przetarg nieograniczony w formie licytacji ustnej na najem lokalu u\u017cytkowego o pow. u\u017cytkowej <strong>123,11 m2<\/strong> po\u0142o\u017conego w Nowej Rudzie na osiedlu <strong>XXX-lecia 14.<\/strong><\/p>\n\n\n\n<p>Cena wywo\u0142awcza czynszu najmu lokalu wynosi: <strong>8,59 z<\/strong><strong>\u0142<\/strong><strong>\/m2 netto<\/strong> (licytowana cena nie obejmuje op\u0142at za media) &#8211; minimalne post\u0105pienie wynosi: 0,50 z\u0142\/m2.<\/p>\n\n\n\n<p><a><\/a> Przetarg odb\u0119dzie si\u0119 w dniu 0<strong>7 maja 2026 roku o godz. 10:00<\/strong> w siedzibie Sp\u00f3\u0142dzielni Mieszkaniowej w&nbsp;Nowej Rudzie przy ul. Teatralnej 11.<\/p>\n\n\n\n<p>Warunkiem przyst\u0105pienia do przetargu jest wp\u0142ata wadium w wysoko\u015bci 8.500,00 z\u0142 na konto Sp\u00f3\u0142dzielni w PKO BP S.A. nr 24 1020 5112 0000 7402 0006 4907 najp\u00f3\u017aniej do dnia 04 maja 2026 roku.<\/p>\n\n\n\n<p>Wadium przepada na rzecz Sp\u00f3\u0142dzielni w przypadku, gdy oferent, kt\u00f3rego oferta zostanie przyj\u0119ta, w&nbsp;terminie okre\u015blonym przez komisj\u0119 przetargow\u0105, uchyli si\u0119 od zawarcia umowy.<\/p>\n\n\n\n<p>Wadium z\u0142o\u017cone przez oferenta, kt\u00f3rego oferta nie zostanie przyj\u0119ta, zostanie zwr\u00f3cone niezw\u0142ocznie po zatwierdzeniu wynik\u00f3w przetargu przez Zarz\u0105d Sp\u00f3\u0142dzielni.<\/p>\n\n\n\n<p>Wadium wp\u0142acone w kwocie 8.500,00 z\u0142 (s\u0142ownie: osiem tysi\u0119cy pi\u0119\u0107set z\u0142otych) przez oferenta, kt\u00f3rego oferta zostanie przyj\u0119ta przechodzi na poczet kaucji zabezpieczaj\u0105cej pokrycia koszt\u00f3w naprawy ewentualnych szk\u00f3d w wynajmowanym lokalu lub zaleg\u0142ego czynszu.<\/p>\n\n\n\n<p>Z przetargu wyklucza si\u0119 osoby fizyczne i prawne, kt\u00f3re zalegaj\u0105 z op\u0142atami wobec Sp\u00f3\u0142dzielni.<\/p>\n\n\n\n<p>Osoby staj\u0105ce do przetargu zobowi\u0105zane s\u0105 do zapoznania si\u0119 z Regulaminem trybu wynajmowania z&nbsp;zasob\u00f3w Sp\u00f3\u0142dzielni Mieszkaniowej w Nowej Rudzie lokali mieszkalnych i&nbsp;u\u017cytkowych a tak\u017ce zasad przeprowadzenia przetarg\u00f3w na oddanie w najem tych lokali, kt\u00f3ry jest do wgl\u0105du w siedzibie Sp\u00f3\u0142dzielni Mieszkaniowej oraz na stronie internetowej Sp\u00f3\u0142dzielni <a href=\"https:\/\/l.facebook.com\/l.php?u=http%3A%2F%2Fwww.sm.nowaruda.pl%2F%3Ffbclid%3DIwAR0eGOeVq4Ko2bJs_dliIEFV0McWLyY4nf7GCohQVI2hY6q0Zj8Z8vlvl_Q&amp;h=AT0ZRxWF39PhHQebghpD6dmlShRn56RDKFgzhZJYLorzgmwoSvf3Ps0sj_Lt54lyt1L7yWzzc7RyHeKQ9jLdmAuPsD-u0j5jOAfFC_FaOiORJFYaEUv7pTSI3A8c5gkmUAbU&amp;__tn__=-UK-y-R&amp;c%5B0%5D=AT2mrhPTIsuPZMtt-03O6mAT37Zxwf69QzoXgOw78LPG4lMz4a3sZY4yyyQrPvu4V7poOcsnOMsAYTimqmpngl3RlkDRMPQxhlQX-SYaZh5YMP3vU8IPo9PAVRocA2qV72f6r9qjneZnWjjq4oDBwgwgr87r9jElQbcTAWiTY8O2Q_-zNS8_-5oJNfJvwi9274VVJr75VCE\" target=\"_blank\" rel=\"noreferrer noopener\">www.sm.nowaruda.pl.<\/a><\/p>\n\n\n\n<p>Osoby przyst\u0119puj\u0105ce do przetargu zobowi\u0105zane b\u0119d\u0105 do z\u0142o\u017cenia Komisji Przetargowej ni\u017cej wymienionych dokument\u00f3w i o\u015bwiadcze\u0144:<\/p>\n\n\n\n<p>\u2022 pokwitowanie wp\u0142aty wymaganego wadium,<\/p>\n\n\n\n<p>\u2022 o\u015bwiadczenie o zapoznaniu si\u0119 z postanowieniami Regulaminu trybu wynajmowania z&nbsp;zasob\u00f3w Sp\u00f3\u0142dzielni Mieszkaniowej w Nowej Rudzie lokali mieszkalnych i u\u017cytkowych a tak\u017ce zasad przeprowadzenia przetarg\u00f3w na oddanie w najem tych lokali zatwierdzonego uchwa\u0142\u0105 Rady Nadzorczej nr 11\/2022 z dnia 29 kwietnia 2022 roku,<\/p>\n\n\n\n<p>\u2022 o\u015bwiadczenie, \u017ce znany jest im stan przedmiotu przetargu i nie wnosz\u0105 z tytu\u0142u stanu przedmiotu prze-targu \u017cadnych zastrze\u017ce\u0144,<\/p>\n\n\n\n<p>\u2022 o\u015bwiadczenie o wyra\u017ceniu zgody na przetwarzanie danych osobowych przez Sp\u00f3\u0142dzielni\u0119 Mieszkaniow\u0105 w celach zwi\u0105zanych z uczestniczeniem w ww. post\u0119powaniu przetargowym oraz z&nbsp;zawarciem umowy najmu.<\/p>\n\n\n\n<p>Przedmiotowy lokal u\u017cytkowy mo\u017cna ogl\u0105da\u0107 codziennie od poniedzia\u0142ku do pi\u0105tku w&nbsp;godzinach od 10:00 do 14:00. Dokumentacja fotograficzna z lokalu b\u0119d\u0105cego przedmiotem przetargu znajduje si\u0119 na stronie internetowej Sp\u00f3\u0142dzielni <a href=\"https:\/\/l.facebook.com\/l.php?u=http%3A%2F%2Fwww.sm.nowaruda.pl%2F%3Ffbclid%3DIwAR3GHqCUndp3glyXPkU5mx0iGPAdTiSyrpJ4JQqWb0H1nAluuggjziGG-xo&amp;h=AT0ZRxWF39PhHQebghpD6dmlShRn56RDKFgzhZJYLorzgmwoSvf3Ps0sj_Lt54lyt1L7yWzzc7RyHeKQ9jLdmAuPsD-u0j5jOAfFC_FaOiORJFYaEUv7pTSI3A8c5gkmUAbU&amp;__tn__=-UK-y-R&amp;c%5B0%5D=AT2mrhPTIsuPZMtt-03O6mAT37Zxwf69QzoXgOw78LPG4lMz4a3sZY4yyyQrPvu4V7poOcsnOMsAYTimqmpngl3RlkDRMPQxhlQX-SYaZh5YMP3vU8IPo9PAVRocA2qV72f6r9qjneZnWjjq4oDBwgwgr87r9jElQbcTAWiTY8O2Q_-zNS8_-5oJNfJvwi9274VVJr75VCE\" target=\"_blank\" rel=\"noreferrer noopener\">www.sm.nowaruda.pl<\/a> w zak\u0142adce og\u0142oszenia.<\/p>\n\n\n\n<p>Szczeg\u00f3\u0142owe informacje w sprawie przetargu mo\u017cna uzyska\u0107 pod numerem telefonu<\/p>\n\n\n\n<p>74-872-08-00.<\/p>\n\n\n\n<p>Sp\u00f3\u0142dzielnia zastrzega sobie prawo odst\u0105pienia od przetargu lub jego uniewa\u017cnienia bez podania przyczyny.<\/p>\n\n\n\n<figure class=\"wp-block-gallery has-nested-images columns-default is-cropped wp-block-gallery-1 is-layout-flex wp-block-gallery-is-layout-flex\">\n<figure class=\"wp-block-image size-large\"><a href=\"https:\/\/sm.nowaruda.pl\/sm1\/wp-content\/uploads\/2026\/04\/1772699721509.webp\"><img loading=\"lazy\" decoding=\"async\" width=\"1024\" height=\"768\" data-id=\"2773\" src=\"https:\/\/sm.nowaruda.pl\/sm1\/wp-content\/uploads\/2026\/04\/1772699721509-1024x768.webp\" alt=\"\" class=\"wp-image-2773\" srcset=\"https:\/\/sm.nowaruda.pl\/sm1\/wp-content\/uploads\/2026\/04\/1772699721509-1024x768.webp 1024w, https:\/\/sm.nowaruda.pl\/sm1\/wp-content\/uploads\/2026\/04\/1772699721509-300x225.webp 300w, https:\/\/sm.nowaruda.pl\/sm1\/wp-content\/uploads\/2026\/04\/1772699721509-768x576.webp 768w, https:\/\/sm.nowaruda.pl\/sm1\/wp-content\/uploads\/2026\/04\/1772699721509-1536x1152.webp 1536w, https:\/\/sm.nowaruda.pl\/sm1\/wp-content\/uploads\/2026\/04\/1772699721509.webp 2040w\" sizes=\"auto, (max-width: 1024px) 100vw, 1024px\" \/><\/a><\/figure>\n\n\n\n<figure class=\"wp-block-image size-large\"><a href=\"https:\/\/sm.nowaruda.pl\/sm1\/wp-content\/uploads\/2026\/04\/1772699721497.webp\"><img loading=\"lazy\" decoding=\"async\" width=\"768\" height=\"1024\" data-id=\"2774\" src=\"https:\/\/sm.nowaruda.pl\/sm1\/wp-content\/uploads\/2026\/04\/1772699721497-768x1024.webp\" alt=\"\" class=\"wp-image-2774\" srcset=\"https:\/\/sm.nowaruda.pl\/sm1\/wp-content\/uploads\/2026\/04\/1772699721497-768x1024.webp 768w, https:\/\/sm.nowaruda.pl\/sm1\/wp-content\/uploads\/2026\/04\/1772699721497-225x300.webp 225w, https:\/\/sm.nowaruda.pl\/sm1\/wp-content\/uploads\/2026\/04\/1772699721497-1152x1536.webp 1152w, https:\/\/sm.nowaruda.pl\/sm1\/wp-content\/uploads\/2026\/04\/1772699721497.webp 1530w\" sizes=\"auto, (max-width: 768px) 100vw, 768px\" \/><\/a><\/figure>\n\n\n\n<figure class=\"wp-block-image size-large\"><a href=\"https:\/\/sm.nowaruda.pl\/sm1\/wp-content\/uploads\/2026\/04\/1772699721487.webp\"><img loading=\"lazy\" decoding=\"async\" width=\"768\" height=\"1024\" data-id=\"2775\" src=\"https:\/\/sm.nowaruda.pl\/sm1\/wp-content\/uploads\/2026\/04\/1772699721487-768x1024.webp\" alt=\"\" class=\"wp-image-2775\" srcset=\"https:\/\/sm.nowaruda.pl\/sm1\/wp-content\/uploads\/2026\/04\/1772699721487-768x1024.webp 768w, https:\/\/sm.nowaruda.pl\/sm1\/wp-content\/uploads\/2026\/04\/1772699721487-225x300.webp 225w, https:\/\/sm.nowaruda.pl\/sm1\/wp-content\/uploads\/2026\/04\/1772699721487-1152x1536.webp 1152w, https:\/\/sm.nowaruda.pl\/sm1\/wp-content\/uploads\/2026\/04\/1772699721487.webp 1530w\" sizes=\"auto, (max-width: 768px) 100vw, 768px\" \/><\/a><\/figure>\n\n\n\n<figure class=\"wp-block-image size-large\"><a href=\"https:\/\/sm.nowaruda.pl\/sm1\/wp-content\/uploads\/2026\/04\/1772699721473.webp\"><img loading=\"lazy\" decoding=\"async\" width=\"768\" height=\"1024\" data-id=\"2776\" src=\"https:\/\/sm.nowaruda.pl\/sm1\/wp-content\/uploads\/2026\/04\/1772699721473-768x1024.webp\" alt=\"\" class=\"wp-image-2776\" srcset=\"https:\/\/sm.nowaruda.pl\/sm1\/wp-content\/uploads\/2026\/04\/1772699721473-768x1024.webp 768w, https:\/\/sm.nowaruda.pl\/sm1\/wp-content\/uploads\/2026\/04\/1772699721473-225x300.webp 225w, https:\/\/sm.nowaruda.pl\/sm1\/wp-content\/uploads\/2026\/04\/1772699721473-1152x1536.webp 1152w, https:\/\/sm.nowaruda.pl\/sm1\/wp-content\/uploads\/2026\/04\/1772699721473.webp 1530w\" sizes=\"auto, (max-width: 768px) 100vw, 768px\" \/><\/a><\/figure>\n\n\n\n<figure class=\"wp-block-image size-large\"><a href=\"https:\/\/sm.nowaruda.pl\/sm1\/wp-content\/uploads\/2026\/04\/1772699721462.webp\"><img loading=\"lazy\" decoding=\"async\" width=\"768\" height=\"1024\" data-id=\"2777\" src=\"https:\/\/sm.nowaruda.pl\/sm1\/wp-content\/uploads\/2026\/04\/1772699721462-768x1024.webp\" alt=\"\" class=\"wp-image-2777\" srcset=\"https:\/\/sm.nowaruda.pl\/sm1\/wp-content\/uploads\/2026\/04\/1772699721462-768x1024.webp 768w, https:\/\/sm.nowaruda.pl\/sm1\/wp-content\/uploads\/2026\/04\/1772699721462-225x300.webp 225w, https:\/\/sm.nowaruda.pl\/sm1\/wp-content\/uploads\/2026\/04\/1772699721462-1152x1536.webp 1152w, https:\/\/sm.nowaruda.pl\/sm1\/wp-content\/uploads\/2026\/04\/1772699721462.webp 1530w\" sizes=\"auto, (max-width: 768px) 100vw, 768px\" \/><\/a><\/figure>\n\n\n\n<figure class=\"wp-block-image size-large\"><a href=\"https:\/\/sm.nowaruda.pl\/sm1\/wp-content\/uploads\/2026\/04\/1772699721448.webp\"><img loading=\"lazy\" decoding=\"async\" width=\"768\" height=\"1024\" data-id=\"2792\" src=\"https:\/\/sm.nowaruda.pl\/sm1\/wp-content\/uploads\/2026\/04\/1772699721448-768x1024.webp\" alt=\"\" class=\"wp-image-2792\" srcset=\"https:\/\/sm.nowaruda.pl\/sm1\/wp-content\/uploads\/2026\/04\/1772699721448-768x1024.webp 768w, https:\/\/sm.nowaruda.pl\/sm1\/wp-content\/uploads\/2026\/04\/1772699721448-225x300.webp 225w, https:\/\/sm.nowaruda.pl\/sm1\/wp-content\/uploads\/2026\/04\/1772699721448-1152x1536.webp 1152w, https:\/\/sm.nowaruda.pl\/sm1\/wp-content\/uploads\/2026\/04\/1772699721448.webp 1530w\" sizes=\"auto, (max-width: 768px) 100vw, 768px\" \/><\/a><\/figure>\n\n\n\n<figure class=\"wp-block-image size-large\"><a href=\"https:\/\/sm.nowaruda.pl\/sm1\/wp-content\/uploads\/2026\/04\/1772699721435.webp\"><img loading=\"lazy\" decoding=\"async\" width=\"768\" height=\"1024\" data-id=\"2779\" src=\"https:\/\/sm.nowaruda.pl\/sm1\/wp-content\/uploads\/2026\/04\/1772699721435-768x1024.webp\" alt=\"\" class=\"wp-image-2779\" srcset=\"https:\/\/sm.nowaruda.pl\/sm1\/wp-content\/uploads\/2026\/04\/1772699721435-768x1024.webp 768w, https:\/\/sm.nowaruda.pl\/sm1\/wp-content\/uploads\/2026\/04\/1772699721435-225x300.webp 225w, https:\/\/sm.nowaruda.pl\/sm1\/wp-content\/uploads\/2026\/04\/1772699721435-1152x1536.webp 1152w, https:\/\/sm.nowaruda.pl\/sm1\/wp-content\/uploads\/2026\/04\/1772699721435.webp 1530w\" sizes=\"auto, (max-width: 768px) 100vw, 768px\" \/><\/a><\/figure>\n\n\n\n<figure class=\"wp-block-image size-large\"><a href=\"https:\/\/sm.nowaruda.pl\/sm1\/wp-content\/uploads\/2026\/04\/1772699721424.webp\"><img loading=\"lazy\" decoding=\"async\" width=\"768\" height=\"1024\" data-id=\"2778\" src=\"https:\/\/sm.nowaruda.pl\/sm1\/wp-content\/uploads\/2026\/04\/1772699721424-768x1024.webp\" alt=\"\" class=\"wp-image-2778\" srcset=\"https:\/\/sm.nowaruda.pl\/sm1\/wp-content\/uploads\/2026\/04\/1772699721424-768x1024.webp 768w, https:\/\/sm.nowaruda.pl\/sm1\/wp-content\/uploads\/2026\/04\/1772699721424-225x300.webp 225w, https:\/\/sm.nowaruda.pl\/sm1\/wp-content\/uploads\/2026\/04\/1772699721424-1152x1536.webp 1152w, https:\/\/sm.nowaruda.pl\/sm1\/wp-content\/uploads\/2026\/04\/1772699721424.webp 1530w\" sizes=\"auto, (max-width: 768px) 100vw, 768px\" \/><\/a><\/figure>\n\n\n\n<figure class=\"wp-block-image size-large\"><a href=\"https:\/\/sm.nowaruda.pl\/sm1\/wp-content\/uploads\/2026\/04\/1772699721412.webp\"><img loading=\"lazy\" decoding=\"async\" width=\"1024\" height=\"768\" data-id=\"2780\" src=\"https:\/\/sm.nowaruda.pl\/sm1\/wp-content\/uploads\/2026\/04\/1772699721412-1024x768.webp\" alt=\"\" class=\"wp-image-2780\" srcset=\"https:\/\/sm.nowaruda.pl\/sm1\/wp-content\/uploads\/2026\/04\/1772699721412-1024x768.webp 1024w, https:\/\/sm.nowaruda.pl\/sm1\/wp-content\/uploads\/2026\/04\/1772699721412-300x225.webp 300w, https:\/\/sm.nowaruda.pl\/sm1\/wp-content\/uploads\/2026\/04\/1772699721412-768x576.webp 768w, https:\/\/sm.nowaruda.pl\/sm1\/wp-content\/uploads\/2026\/04\/1772699721412-1536x1152.webp 1536w, https:\/\/sm.nowaruda.pl\/sm1\/wp-content\/uploads\/2026\/04\/1772699721412.webp 2040w\" sizes=\"auto, (max-width: 1024px) 100vw, 1024px\" \/><\/a><\/figure>\n\n\n\n<figure class=\"wp-block-image size-large\"><a href=\"https:\/\/sm.nowaruda.pl\/sm1\/wp-content\/uploads\/2026\/04\/1772699721401.webp\"><img loading=\"lazy\" decoding=\"async\" width=\"1024\" height=\"768\" data-id=\"2783\" src=\"https:\/\/sm.nowaruda.pl\/sm1\/wp-content\/uploads\/2026\/04\/1772699721401-1024x768.webp\" alt=\"\" class=\"wp-image-2783\" srcset=\"https:\/\/sm.nowaruda.pl\/sm1\/wp-content\/uploads\/2026\/04\/1772699721401-1024x768.webp 1024w, https:\/\/sm.nowaruda.pl\/sm1\/wp-content\/uploads\/2026\/04\/1772699721401-300x225.webp 300w, https:\/\/sm.nowaruda.pl\/sm1\/wp-content\/uploads\/2026\/04\/1772699721401-768x576.webp 768w, https:\/\/sm.nowaruda.pl\/sm1\/wp-content\/uploads\/2026\/04\/1772699721401-1536x1152.webp 1536w, https:\/\/sm.nowaruda.pl\/sm1\/wp-content\/uploads\/2026\/04\/1772699721401.webp 2040w\" sizes=\"auto, (max-width: 1024px) 100vw, 1024px\" \/><\/a><\/figure>\n\n\n\n<figure class=\"wp-block-image size-large\"><a href=\"https:\/\/sm.nowaruda.pl\/sm1\/wp-content\/uploads\/2026\/04\/1772699721378.webp\"><img loading=\"lazy\" decoding=\"async\" width=\"768\" height=\"1024\" data-id=\"2781\" src=\"https:\/\/sm.nowaruda.pl\/sm1\/wp-content\/uploads\/2026\/04\/1772699721378-768x1024.webp\" alt=\"\" class=\"wp-image-2781\" srcset=\"https:\/\/sm.nowaruda.pl\/sm1\/wp-content\/uploads\/2026\/04\/1772699721378-768x1024.webp 768w, https:\/\/sm.nowaruda.pl\/sm1\/wp-content\/uploads\/2026\/04\/1772699721378-225x300.webp 225w, https:\/\/sm.nowaruda.pl\/sm1\/wp-content\/uploads\/2026\/04\/1772699721378-1152x1536.webp 1152w, https:\/\/sm.nowaruda.pl\/sm1\/wp-content\/uploads\/2026\/04\/1772699721378.webp 1530w\" sizes=\"auto, (max-width: 768px) 100vw, 768px\" \/><\/a><\/figure>\n\n\n\n<figure class=\"wp-block-image size-large\"><a href=\"https:\/\/sm.nowaruda.pl\/sm1\/wp-content\/uploads\/2026\/04\/1772699721364.webp\"><img loading=\"lazy\" decoding=\"async\" width=\"1024\" height=\"768\" data-id=\"2782\" src=\"https:\/\/sm.nowaruda.pl\/sm1\/wp-content\/uploads\/2026\/04\/1772699721364-1024x768.webp\" alt=\"\" class=\"wp-image-2782\" srcset=\"https:\/\/sm.nowaruda.pl\/sm1\/wp-content\/uploads\/2026\/04\/1772699721364-1024x768.webp 1024w, https:\/\/sm.nowaruda.pl\/sm1\/wp-content\/uploads\/2026\/04\/1772699721364-300x225.webp 300w, https:\/\/sm.nowaruda.pl\/sm1\/wp-content\/uploads\/2026\/04\/1772699721364-768x576.webp 768w, https:\/\/sm.nowaruda.pl\/sm1\/wp-content\/uploads\/2026\/04\/1772699721364-1536x1152.webp 1536w, https:\/\/sm.nowaruda.pl\/sm1\/wp-content\/uploads\/2026\/04\/1772699721364.webp 2040w\" sizes=\"auto, (max-width: 1024px) 100vw, 1024px\" \/><\/a><\/figure>\n\n\n\n<figure class=\"wp-block-image size-large\"><a href=\"https:\/\/sm.nowaruda.pl\/sm1\/wp-content\/uploads\/2026\/04\/1772699721352.webp\"><img loading=\"lazy\" decoding=\"async\" width=\"1024\" height=\"768\" data-id=\"2784\" src=\"https:\/\/sm.nowaruda.pl\/sm1\/wp-content\/uploads\/2026\/04\/1772699721352-1024x768.webp\" alt=\"\" class=\"wp-image-2784\" srcset=\"https:\/\/sm.nowaruda.pl\/sm1\/wp-content\/uploads\/2026\/04\/1772699721352-1024x768.webp 1024w, https:\/\/sm.nowaruda.pl\/sm1\/wp-content\/uploads\/2026\/04\/1772699721352-300x225.webp 300w, https:\/\/sm.nowaruda.pl\/sm1\/wp-content\/uploads\/2026\/04\/1772699721352-768x576.webp 768w, https:\/\/sm.nowaruda.pl\/sm1\/wp-content\/uploads\/2026\/04\/1772699721352-1536x1152.webp 1536w, https:\/\/sm.nowaruda.pl\/sm1\/wp-content\/uploads\/2026\/04\/1772699721352.webp 2040w\" sizes=\"auto, (max-width: 1024px) 100vw, 1024px\" \/><\/a><\/figure>\n\n\n\n<figure class=\"wp-block-image size-large\"><a href=\"https:\/\/sm.nowaruda.pl\/sm1\/wp-content\/uploads\/2026\/04\/1772699721341.webp\"><img loading=\"lazy\" decoding=\"async\" width=\"768\" height=\"1024\" data-id=\"2785\" src=\"https:\/\/sm.nowaruda.pl\/sm1\/wp-content\/uploads\/2026\/04\/1772699721341-768x1024.webp\" alt=\"\" class=\"wp-image-2785\" srcset=\"https:\/\/sm.nowaruda.pl\/sm1\/wp-content\/uploads\/2026\/04\/1772699721341-768x1024.webp 768w, https:\/\/sm.nowaruda.pl\/sm1\/wp-content\/uploads\/2026\/04\/1772699721341-225x300.webp 225w, https:\/\/sm.nowaruda.pl\/sm1\/wp-content\/uploads\/2026\/04\/1772699721341-1152x1536.webp 1152w, https:\/\/sm.nowaruda.pl\/sm1\/wp-content\/uploads\/2026\/04\/1772699721341.webp 1530w\" sizes=\"auto, (max-width: 768px) 100vw, 768px\" \/><\/a><\/figure>\n\n\n\n<figure class=\"wp-block-image size-large\"><a href=\"https:\/\/sm.nowaruda.pl\/sm1\/wp-content\/uploads\/2026\/04\/1772699721306.webp\"><img loading=\"lazy\" decoding=\"async\" width=\"1024\" height=\"768\" data-id=\"2786\" src=\"https:\/\/sm.nowaruda.pl\/sm1\/wp-content\/uploads\/2026\/04\/1772699721306-1024x768.webp\" alt=\"\" class=\"wp-image-2786\" srcset=\"https:\/\/sm.nowaruda.pl\/sm1\/wp-content\/uploads\/2026\/04\/1772699721306-1024x768.webp 1024w, https:\/\/sm.nowaruda.pl\/sm1\/wp-content\/uploads\/2026\/04\/1772699721306-300x225.webp 300w, https:\/\/sm.nowaruda.pl\/sm1\/wp-content\/uploads\/2026\/04\/1772699721306-768x576.webp 768w, https:\/\/sm.nowaruda.pl\/sm1\/wp-content\/uploads\/2026\/04\/1772699721306-1536x1152.webp 1536w, https:\/\/sm.nowaruda.pl\/sm1\/wp-content\/uploads\/2026\/04\/1772699721306.webp 2040w\" sizes=\"auto, (max-width: 1024px) 100vw, 1024px\" \/><\/a><\/figure>\n\n\n\n<figure class=\"wp-block-image size-large\"><a href=\"https:\/\/sm.nowaruda.pl\/sm1\/wp-content\/uploads\/2026\/04\/1772699721329.webp\"><img loading=\"lazy\" decoding=\"async\" width=\"1024\" height=\"768\" data-id=\"2787\" src=\"https:\/\/sm.nowaruda.pl\/sm1\/wp-content\/uploads\/2026\/04\/1772699721329-1024x768.webp\" alt=\"\" class=\"wp-image-2787\" srcset=\"https:\/\/sm.nowaruda.pl\/sm1\/wp-content\/uploads\/2026\/04\/1772699721329-1024x768.webp 1024w, https:\/\/sm.nowaruda.pl\/sm1\/wp-content\/uploads\/2026\/04\/1772699721329-300x225.webp 300w, https:\/\/sm.nowaruda.pl\/sm1\/wp-content\/uploads\/2026\/04\/1772699721329-768x576.webp 768w, https:\/\/sm.nowaruda.pl\/sm1\/wp-content\/uploads\/2026\/04\/1772699721329-1536x1152.webp 1536w, https:\/\/sm.nowaruda.pl\/sm1\/wp-content\/uploads\/2026\/04\/1772699721329.webp 2040w\" sizes=\"auto, (max-width: 1024px) 100vw, 1024px\" \/><\/a><\/figure>\n\n\n\n<figure class=\"wp-block-image size-large\"><a href=\"https:\/\/sm.nowaruda.pl\/sm1\/wp-content\/uploads\/2026\/04\/1772699721317.webp\"><img loading=\"lazy\" decoding=\"async\" width=\"1024\" height=\"768\" data-id=\"2788\" src=\"https:\/\/sm.nowaruda.pl\/sm1\/wp-content\/uploads\/2026\/04\/1772699721317-1024x768.webp\" alt=\"\" class=\"wp-image-2788\" srcset=\"https:\/\/sm.nowaruda.pl\/sm1\/wp-content\/uploads\/2026\/04\/1772699721317-1024x768.webp 1024w, https:\/\/sm.nowaruda.pl\/sm1\/wp-content\/uploads\/2026\/04\/1772699721317-300x225.webp 300w, https:\/\/sm.nowaruda.pl\/sm1\/wp-content\/uploads\/2026\/04\/1772699721317-768x576.webp 768w, https:\/\/sm.nowaruda.pl\/sm1\/wp-content\/uploads\/2026\/04\/1772699721317-1536x1152.webp 1536w, https:\/\/sm.nowaruda.pl\/sm1\/wp-content\/uploads\/2026\/04\/1772699721317.webp 2040w\" sizes=\"auto, (max-width: 1024px) 100vw, 1024px\" \/><\/a><\/figure>\n\n\n\n<figure class=\"wp-block-image size-large\"><a href=\"https:\/\/sm.nowaruda.pl\/sm1\/wp-content\/uploads\/2026\/04\/1772699721295.webp\"><img loading=\"lazy\" decoding=\"async\" width=\"1024\" height=\"768\" data-id=\"2789\" src=\"https:\/\/sm.nowaruda.pl\/sm1\/wp-content\/uploads\/2026\/04\/1772699721295-1024x768.webp\" alt=\"\" class=\"wp-image-2789\" srcset=\"https:\/\/sm.nowaruda.pl\/sm1\/wp-content\/uploads\/2026\/04\/1772699721295-1024x768.webp 1024w, https:\/\/sm.nowaruda.pl\/sm1\/wp-content\/uploads\/2026\/04\/1772699721295-300x225.webp 300w, https:\/\/sm.nowaruda.pl\/sm1\/wp-content\/uploads\/2026\/04\/1772699721295-768x576.webp 768w, https:\/\/sm.nowaruda.pl\/sm1\/wp-content\/uploads\/2026\/04\/1772699721295-1536x1152.webp 1536w, https:\/\/sm.nowaruda.pl\/sm1\/wp-content\/uploads\/2026\/04\/1772699721295.webp 2040w\" sizes=\"auto, (max-width: 1024px) 100vw, 1024px\" \/><\/a><\/figure>\n\n\n\n<figure class=\"wp-block-image size-large\"><a href=\"https:\/\/sm.nowaruda.pl\/sm1\/wp-content\/uploads\/2026\/04\/1772699721284.webp\"><img loading=\"lazy\" decoding=\"async\" width=\"1024\" height=\"768\" data-id=\"2790\" src=\"https:\/\/sm.nowaruda.pl\/sm1\/wp-content\/uploads\/2026\/04\/1772699721284-1024x768.webp\" alt=\"\" class=\"wp-image-2790\" srcset=\"https:\/\/sm.nowaruda.pl\/sm1\/wp-content\/uploads\/2026\/04\/1772699721284-1024x768.webp 1024w, https:\/\/sm.nowaruda.pl\/sm1\/wp-content\/uploads\/2026\/04\/1772699721284-300x225.webp 300w, https:\/\/sm.nowaruda.pl\/sm1\/wp-content\/uploads\/2026\/04\/1772699721284-768x576.webp 768w, https:\/\/sm.nowaruda.pl\/sm1\/wp-content\/uploads\/2026\/04\/1772699721284-1536x1152.webp 1536w, https:\/\/sm.nowaruda.pl\/sm1\/wp-content\/uploads\/2026\/04\/1772699721284.webp 2040w\" sizes=\"auto, (max-width: 1024px) 100vw, 1024px\" \/><\/a><\/figure>\n\n\n\n<figure class=\"wp-block-image size-large\"><a href=\"https:\/\/sm.nowaruda.pl\/sm1\/wp-content\/uploads\/2026\/04\/1772699721272.webp\"><img loading=\"lazy\" decoding=\"async\" width=\"768\" height=\"1024\" data-id=\"2791\" src=\"https:\/\/sm.nowaruda.pl\/sm1\/wp-content\/uploads\/2026\/04\/1772699721272-768x1024.webp\" alt=\"\" class=\"wp-image-2791\" srcset=\"https:\/\/sm.nowaruda.pl\/sm1\/wp-content\/uploads\/2026\/04\/1772699721272-768x1024.webp 768w, https:\/\/sm.nowaruda.pl\/sm1\/wp-content\/uploads\/2026\/04\/1772699721272-225x300.webp 225w, https:\/\/sm.nowaruda.pl\/sm1\/wp-content\/uploads\/2026\/04\/1772699721272-1152x1536.webp 1152w, https:\/\/sm.nowaruda.pl\/sm1\/wp-content\/uploads\/2026\/04\/1772699721272.webp 1530w\" sizes=\"auto, (max-width: 768px) 100vw, 768px\" \/><\/a><\/figure>\n<\/figure>\n","protected":false},"excerpt":{"rendered":"<p>Sp\u00f3\u0142dzielnia Mieszkaniowa w Nowej Rudzie z siedzib\u0105 w Nowej Rudzie przy ul. Teatralnej 11 og\u0142asza przetarg nieograniczony w formie licytacji ustnej na najem lokalu u\u017cytkowego o pow. u\u017cytkowej 123,11 m2 po\u0142o\u017conego w Nowej Rudzie na osiedlu XXX-lecia 14. Cena wywo\u0142awcza czynszu najmu lokalu wynosi: 8,59 z\u0142\/m2 netto (licytowana cena nie obejmuje op\u0142at za media) &#8211; &hellip; <a href=\"https:\/\/sm.nowaruda.pl\/sm1\/?page_id=2772\" class=\"more-link\">Czytaj dalej <span class=\"screen-reader-text\">Przetarg na lokal u\u017cytkowy<\/span> <span class=\"meta-nav\">&rarr;<\/span><\/a><\/p>\n","protected":false},"author":1,"featured_media":0,"parent":0,"menu_order":0,"comment_status":"closed","ping_status":"closed","template":"","meta":{"ngg_post_thumbnail":0,"footnotes":""},"class_list":["post-2772","page","type-page","status-publish","hentry"],"_links":{"self":[{"href":"https:\/\/sm.nowaruda.pl\/sm1\/index.php?rest_route=\/wp\/v2\/pages\/2772","targetHints":{"allow":["GET"]}}],"collection":[{"href":"https:\/\/sm.nowaruda.pl\/sm1\/index.php?rest_route=\/wp\/v2\/pages"}],"about":[{"href":"https:\/\/sm.nowaruda.pl\/sm1\/index.php?rest_route=\/wp\/v2\/types\/page"}],"author":[{"embeddable":true,"href":"https:\/\/sm.nowaruda.pl\/sm1\/index.php?rest_route=\/wp\/v2\/users\/1"}],"replies":[{"embeddable":true,"href":"https:\/\/sm.nowaruda.pl\/sm1\/index.php?rest_route=%2Fwp%2Fv2%2Fcomments&post=2772"}],"version-history":[{"count":1,"href":"https:\/\/sm.nowaruda.pl\/sm1\/index.php?rest_route=\/wp\/v2\/pages\/2772\/revisions"}],"predecessor-version":[{"id":2793,"href":"https:\/\/sm.nowaruda.pl\/sm1\/index.php?rest_route=\/wp\/v2\/pages\/2772\/revisions\/2793"}],"wp:attachment":[{"href":"https:\/\/sm.nowaruda.pl\/sm1\/index.php?rest_route=%2Fwp%2Fv2%2Fmedia&parent=2772"}],"curies":[{"name":"wp","href":"https:\/\/api.w.org\/{rel}","templated":true}]}}